te 12 + (-3 - -3) + -7.
5
3 + 8 + -8 + 1
4
-4 - 1 - (-2 - 1)
-2
Calculate 0 + 8 + -4 + 10 + -10.
4
Calculate -12 - -5 - (-1 + -1).
-5
Evaluate 14 - (5 + -13 - -17).
5
Calculate 1 + 3 + -2 - (-33 - -39).
-4
What is 0 - 0 - (-8 - -7)?
1
What is the value of 6 - 1 - (5 + 7)?
-7
What is (5 - (2 + 2)) + 2?
3
What is -2 - (18 - 11) - -3?
-6
3 - (-4 - -6) - -1
2
Calculate (5 + -11 - -4) + 10.
8
What is 0 + -3 + 2 + 2 - -3?
4
What is the value of 2 - 0 - (133 + -127)?
-4
Evaluate -6 - 0 - -1 - -8.
3
Calculate 4 - 3 - (-3 + (-1 - -1)).
4
(4 + -3 - 3 - -2) + -4
-4
What is the value of -3 - (2 + -3) - -1?
-1
-3 + (-1 - 5 - -11)
2
Calculate 0 + (2 - (-2 - -4)) + 8.
8
Evaluate -1 - (0 + (1 - 2) + 0).
0
What is the value of -5 - (-2 - (3 - (4 - 6)))?
2
What is the value of -19 + 12 + 14 + -2?
5
Evaluate 0 + 1 + (-4 - (-9 + 3)).
3
What is the value of (-2 + 3 - 3) + 1 + -2?
-3
Evaluate (1 - -7) + (20 - 34).
-6
What is -2 + 1 - (0 + (0 - -5))?
-6
(1 - (3 + -4)) + -4
-2
What is 3 - (0 + -4 + 12)?
-5
What is 2 + 1 + -111 + 119?
11
Calculate (-1 - -5) + -7 + 4.
1
Calculate -7 - (2 + -6 + (2 - 0)).
-5
What is the value of 12 + -7 - (8 - -3) - 4?
-10
Evaluate -3 + 8 - (10 - 10).
5
What is -4 - (3 - 3) - -8?
4
What is 0 + -2 + -2 + 9?
5
Evaluate -8 + 3 + (1 - (-4 + 3)).
-3
2 + 3 + 1 - 8
-2
Evaluate 1 - ((13 - 5) + -6) - 1.
-2
Evaluate 9 - (6 - -1) - (-2 - 0).
4
Calculate 12 - (-3 + 2 + 3).
10
What is the value of 0 - 0 - (-42 - -45)?
-3
Calculate -6 - (-6 + -2 + 3 - 1).
0
What is (-2 - -4) + -3 + 3?
2
What is 7 - (17 + (-2 - 4))?
-4
What is -11 - (6 + -1 - 10)?
-6
-219 - -206 - (1 - 9)
-5
What is 1 + -1 + -2 + 4 - 7?
-5
7 - (-7 + 10 + -1)
5
What is the value of 0 - (-3 + 6 + 0)?
-3
Evaluate 1 + -4 - (2 - 1).
-4
Calculate -6 + 12 + -2 + -1 - 2.
1
-40 + 34 + (4 - 0)
-2
What is the value of -2 + (-12 + 1 - -6 - 1)?
-8
Calculate (9 - (38 + -12)) + 10.
-7
Calculate 0 + (3 - (-3 - -2)).
4
What is the value of 15 + -11 + (0 - 5)?
-1
Calculate -3 + (10 - 6) - -6.
7
-4 + (2 - (-7 + 3 - -2))
0
Evaluate (5 + -7 - -2) + -6.
-6
Calculate (-5 - (2 + -5)) + -5.
-7
-2 + 0 - (-4 - -7)
-5
What is (-3 - (-1 - (0 + -3))) + 7?
2
What is the value of -8 + 19 + -7 - 4?
0
Evaluate 7 + 2 + (-1 - 3).
5
Calculate 1 - (-2 + (3 - -2)).
-2
What is the value of -3 + -1 + (0 - -8 - 4)?
0
0 - -2 - (35 - 31)
-2
-3 + -1 + -8 + 13
1
What is the value of -13 - (-11 + -1) - 4?
-5
-2 + 0 + -8 + 10
0
What is -5 + (6 + 5 - 2)?
4
0 + 3 + 1 + -9
-5
What is the value of -3 - (2 + -2) - (57 + -55)?
-5
Evaluate -1 - (1 + -7) - (-20 - -29).
-4
Calculate (-2 - -7 - 2) + (4 - 11).
-4
What is -7 - ((4 + -4 - 2) + -1)?
-4
What is 1 + 3 + -14 + (0 - -16)?
6
Calculate 0 + (3 - 0) - 1.
2
7 + (1 - 7 - -3)
4
What is the value of 3 + -13 - (-8 + 0)?
-2
What is the value of (7 - 3) + -22 + 9?
-9
Calculate 10 + -2 - ((0 - 1) + 4).
5
What is 2 - (1 + 3) - (1 - 4)?
1
What is the value of (5 - 7) + -2 + 9?
5
Evaluate -5 + 1 - (25 - 33).
4
0 + 12 + -8 + 4
8
Evaluate -1 + -13 + (-23 - -28) + 4.
-5
What is the value of 1 + -2 + 7 + -4?
2
Calculate 7 - 14 - -20 - 7 - -2.
8
Evaluate 0 + -8 + (0 - -3).
-5
21 + -10 - (9 + -1)
3
(-8 - (2 + 1)) + 6
-5
1 - (11 + -13 + -2)
5
Calculate 44 + -37 + (0 - 2).
5
(3 - (12 - 13)) + 1
5
What is 7 + (0 - 0 - 7)?
0
Evaluate 2 - (0 - (-1 - 0) - 0).
1
Calculate -5 - (9 - (9 - -2)).
-3
Calculate 1 + (4 - 1) + -9 + 2.
-3
Calculate -4 + 6 - (-3 - (3 - 8)).
0
Evaluate 1 + -2 - (-66 + 60).
5
Calculate 5 + -2 + 0 + -2 - 6.
-5
0 + (-5 - (-4 + 1))
-2
Evaluate 0 - (-2 + -3 + 0).
5
(13 - 4) + -15 + 4
-2
Evaluate -10 - (-11 + 0 + -5).
6
-2 - (3 + (-1 - 3) - 2)
1
Evaluate -1 + (-2 - 6) + 4.
-5
What is the value of 8 - (-5 + 13 + -3) - -3?
6
-4 + 17 - 4 - 1
8
3 + -15 - (-28 - -21)
-5
What is -3 + -2 + 2 - 2 - -11?
6
What is (1 - 0) + -5 + 6?
2
What is the value of -2 - (1 + -6) - (-1 + 5)?
-1
-8 - ((10 - 14) + (1 - 0))
-5
What is the value of 22 + -18 + (-1 - 7)?
-4
What is the value of -102 - -112 - (10 + 0)?
0
What is 27 + -8 - (3 - (-4 + -1))?
11
0 + -4 + 3 - (-7 - -3)
3
Evaluate (-1 - -3) + -8 + 4 + -2.
-4
0 + -2 + (-7 - -11) - -6
8
Evaluate -1 + -9 + 17 + -6.
1
What is the value of -8 + (3 - 1) + (20 - 19)?
-5
Calculate 2 + -6 + 9 + -8.
-3
What is 2 + 4 + (-25 - -15)?
-4
What is the value of 5 + (-4 - (7 + -5))?
-1
Calculate -12 + (7 - 16 - -14).
-7
2 + (6 - (16 - 3))
-5
Calculate (8 - 8) + -1 + -3.
-4
Evaluate -2 + (-7 - (6 - 23 - -2)).
6
-4 + 1 + (-2 - (3 - 9))
1
Evaluate 0 - (-7 + 9) - (-5 - -1).
2
What is -3 + -4 + (10 - (1 - -2))?
0
Calculate (0 - 11) + (-4 + 1 - -4).
-10
Calculate 4 - (2 + -4 + 7).
-1
Calculate 7 - (2 + -9 - -17).
-3
What is the value of -12 + 14 + -5 - (0 + 2)?
-5
Evaluate 9 + (11 - 20) - 7.
-7
What is the value of 1 + 2 + (-3 - 2) + -2?
-4
What is the value of 1 - ((-3 - 0) + (-5 - -9))?
0
Evaluate -10 - -14 - (-1 + 7).
-2
What is the value of (16 - 23) + (10 - 1)?
2
-1 - (-4 + -1) - 3
1
What is (-1 - 2) + (17 - 10)?
4
Evaluate 2 - (-1 + 3) - (-57 - -52).
5
What is the value of -27 + 30 - (8 - 0)?
-5
What is the value of 1 + (9 - (9 - 2))?
3
Evaluate 4 - (8 + (7 - 7)) - -7.
3
Calculate -3 + 2 - -3 - (1 + 2).
-1
10 + -4 - 5 - (4 + -1)
-2
What is the value of -36 - -20 - (-5 - 3)?
-8
What is -3 - (-3 + -6 + 13 + 2)?
-9
What is (-4 - 1) + (-2 - -5)?
-2
Evaluate -2 + (1 - (6 - 2)).
-5
What is -8 + (8 - ((0 - -7) + -3))?
-4
What is 2 + -6 - (3 + -1)?
-6
What is the value of -1 - (0 + -2 + 2)?
-1
Evaluate 1 + -6 + 6 + 3.
4
Evaluate 4 + 4 + -5 - 11.
-8
What is the value of 0 + (-5 - -4) - 0?
-1
What is 7 - 19 - 1 - -8?
-5
Calculate 1 + 0 + (2 - 6).
-3
What is 7 + -1 + (0 - 1)?
5
What is the value of 12 + (6 - (3 + 7))?
8
What is the value of 1 + (1 - 7 - (5 - 5))?
-5
Calculate 6 + (-1 - -9 - (0 - -3)).
11
(5 - -2) + -3 - (1 + -2)
5
Evaluate (8 - 1) + -3 + -4.
0
(1 - -7) + (3 - -2) + -7
6
Calculate (4 - (6 + -2 + 3)) + 8.
5
Calculate 3 - (0 + (10 - (7 - 3))).
-3
What is -8 + (-17 - -11) + 17?
3
Evaluate -8 - -3 - ((-12 - -1) + -2).
8
Evaluate (-4 - -1) + 13 + -9.
1
-8 + 11 + (-4 - -1) - -4
4
What is the value of 3 - (9 - 15) - 3?
6
Calculate (0 - -1) + (0 - 0 - -3).
4
What is 1 - (-3 - 1) - 10?
-5
What is 0 - (1 - (-2 + -2))?
-5
What is (-7 - -2) + (-1 - -1)?
-5
What is the value of 1 + 0 + -7 + (7 - 3)?
-2
What is 9 + -10 - (-3 - 0)?
2
What is the value of 2 - (-2 + -6 + 12)?
-2
What is the value of -1 + 2 + (-4 - -5)?
2
Calculate 6 + -9 + 10 + -7.
0
What is -16 + 12 - (-1 + 0)?
-3
Calculate 5 + (-1 - (3 + (0 - 2))).
3
What is the value of -6 + 7 + (-1 - 6) - -3?
-3
Calculate -9 + -5 + 4 + 7.
-3
Evaluate 0 - (-8 + 16 + -8).
0
-1 - (-4 + -1 - 4 - -3)
5
(0 - -2) + -56 + 50
-4
What is the value of 12 + -8 + -4 + -2 + 1?
-1
Evaluate 3 + -10 - -3 - (0 - 1).
-3
Calculate -6 - -2 - (2 - (8 + -1)).
1
Evaluate 31 + -29 - ((6 - 1) + -1).
-2
What is the value of -7 + -2 - (2 - -1 - 7)?
-5
Evaluate 6 + (-6 + 0 - -11) + -3.
8
What is the value of 4 - (-3 - (-15 + 6))?
-2
-11 - (-6 + (-5 - -1) - -3)
-4
What is the value of 2 + (3 - 2) - 3?
0
What is -5 + (-1 - (2 - (0 + 3)))?
-5
What is the value of 44 + -38 - (9 - 0)?
-3
What is the value of (23 - 3) + -9 - (0 + 7)?
4
Evaluate -6 + (3 - -4) + 3.
4
What is -13 + (-4 - (7 + -24))?
0
What is 4 + (-5 - -3) + -4 + -1?
-3
What is 2 + (-1 - (-5 + 7)) + 6?
5
2 + 6 + (2 - 7)
3
What is the value of 3 - 4 - (-7 - (-1 + 0))?
5
Calculate -9 + -2 + 3 + 3.
-5
Evaluate 6 - (-1 + -2 + (10 - -2)).
-3
4 - -1 - ((-4 - -9) + -4)
4
Calculate 4 + 0 - (2 + -2 + 2).
2
-9 - (-4 + -17 + 14)
-2
Calculate 3 - (17 - 20 - (1 + -9)).
-2
Calculate -18 - (-8 - -10 - 12).
-8
(8 - (-4 - -7) - 1) + -7
-3
Evaluate 0 - (1 + -1 - (-3 - -2)).
-1
Evaluate 96 + -99 + (2 - -1 - 1).
-1
-2 - (4 + -26 + 13)
7
Evaluate -9 + (1 - -6 - -11).
9
-1 + 1 + -24 + 26 - 6
-4
Evaluate -7 + (6 - (2 + -5)).
2
What is 6 - (6 + -7 - -5)?
2
What is the value of 8 + (-8 - (2 + -4 - 1))?
3
Evaluate 0 + 3 + 0 + -2.
1
Evaluate -1 + 1 - (2 + -1) - 3.
-4
What is (15 - 17) + (0 - 1)?
-3
What is (6 - 9) + 3 - -4?
4
-4 + 4 + -4 - 1
-5
What is (15 - 13) + -3 + 1?
0
1 - 8 - (11 + (-11 - 3))
-4
What is 10 + 1 + -3 + 0?
8
Calculate (3 - (8 - 11)) + -9.
-3
What is the value of 8 + -5 + -2 - 1?
0
2 - (3 + -1 + 4)
-4
-5 + (3 - (1 - 1))
-2
Calculate -9 + 2 - (-2 + (3 - 3)).
-5
What is the value of -2 + 1 + -5 + 9?
3
8 + 2 + 2